d + 6*c = 5*c + 1, 5*c = -5*d + 15. Determine w(d).
6
Let r(i) = -4 + 3 - 9 + i + 1. Let c be -3*(2 - (-143)/(-33)). What is r(c)?
-2
Let r(h) = -2*h**3 - h**2 - 7*h + 5. Let i be r(0). Let u(b) = b**2 - 4*b + 2. Determine u(i).
7
Let u(y) be the third derivative of -y**4/8 + 2*y**3 + 29*y**2 + 43. What is u(-6)?
30
Let u(l) = -l**3 - 16*l**2 + 5*l - 12. Suppose 79*f + 972 + 313 = 21. Calculate u(f).
-92
Suppose 3645 = -260*x + 5. Let z(d) = -20*d - 280. Determine z(x).
0
Let p = 153 - 161. Let s(f) = -14*f**2 - 6*f + f**3 + 25*f**2 - 3*f**2 - 14 - 3*f - f**2. Determine s(p).
-6
Let b(w) = -28*w**2 - 21*w - 17. Let c(h) = -65*h**2 - 42*h - 33. Let s(y) = 7*b(y) - 3*c(y). What is s(-20)?
0
Let s(i) = -21170 - 101*i + 10588 + 10590. Determine s(0).
8
Let o(x) be the third derivative of -x**5/20 + 43*x**4/24 - 31*x**3/6 + 4753*x**2. What is o(14)?
-17
Let p be 16/6*(-7)/((-112)/12). Suppose l = -a + 60, p*a = 6*l - l + 85. Let d(z) = a*z**2 + 7*z + 1 - 28*z**2 - 28*z**2. What is d(6)?
7
Let x(a) = -188*a + 1133. Let j be ((1/2)/(171/4104))/(2 - 0). Determine x(j).
5
Let p(s) = -s**2 + 5*s + 10. Let n(h) = -54*h + 31. Let i be n(-4). Suppose 0 = 249*q - i*q - 14. Give p(q).
-4
Suppose -6*t + 8*t = 2. Let k(a) = 31*a**3 - 9*a**2 + 16*a - 8. Let w(l) = -29*l**3 + 8*l**2 - 14*l + 7. Let i(o) = -6*k(o) - 7*w(o). Determine i(t).
16
Suppose 4*i = 4, -w = 719*i - 721*i - 3. Let j(q) = -q**2 - 3*q - 5. Calculate j(w).
-45
Let b(s) = 21*s**3 - 10*s**2 + 12*s - 21. Let x(d) = -53*d**3 + 19*d**2 - 24*d + 41. Let q(o) = -5*b(o) - 2*x(o). Give q(-13).
10
Let n(j) = 61*j**2 + 25*j + 52. Let t(k) = -49*k**2 - 25*k - 59. Let u(m) = 4*n(m) + 5*t(m). Calculate u(-4).
-3
Let z be (-2 + 17/6)*25/(-750)*-12. Let t(j) be the second derivative of -z*j**4 + 1/3*j**3 - 1/2*j**2 + 0 - 13*j. What is t(1)?
-3
Let v(j) be the first derivative of -j**3/3 + 2*j**2 - 4*j + 4025. Suppose 2*q - 19 + 11 = 0. What is v(q)?
-4
Let j(y) = 2*y**3 - 4*y**2 - 26*y - 45. Let f be j(-2). Let h(q) = q**2 + 29*q + 73. Give h(f).
-27
Let l = -76 - -79. Suppose -4*v + 3 - 15 = -l*d, -v = -3*d + 3. Let f(i) = -i**2 - i + 17. Calculate f(d).
17
Let m = -3652 + 3657. Let q(n) be the second derivative of n**5/20 - n**4/3 - n**3/2 - n. Determine q(m).
10
Let d(v) = -2*v**3 + 18*v**2 - 6*v + 14. Let w be d(8). Suppose -9*i = w - 31. Let x(f) = f**3 + 7*f**2 + 3*f + 10. Determine x(i).
-11
Let u(k) be the first derivative of 0*k - 5/24*k**4 + 27 - 32/3*k**3 - 1/24*k**5 + 0*k**2 + 1/360*k**6. Let w(s) be the third derivative of u(s). What is w(5)?
-5
Let p(i) = -i**3 - 7*i**2 - 8*i - 9. Suppose 89 = -17*a + 293. Suppose -2*u + 4*u + a = 0. What is p(u)?
3
Let x(s) be the third derivative of 13*s**4/12 - s**3/3 - s**2 - 698*s - 1. Calculate x(-4).
-106
Let d(n) be the third derivative of -n**5/60 + n**4/12 + n**3/6 + 9*n**2 + 52. Give d(3).
-2
Let i(c) = -45*c**2 - 2*c + 3. Let k = -455 - -456. Give i(k).
-44
Let a(o) be the first derivative of o**3/3 - 5*o**2 + 182. Suppose -2*f = 4*s - 14, 2*f + 5*s - 10 = 3. Determine a(f).
-9
Let t(o) be the third derivative of -o**6/120 + 13*o**5/60 - o**4/8 - 9*o**3/2 - 2*o**2 + 2*o + 282. Give t(12).
81
Let n(g) = 2*g**2 + 81*g + 47. Suppose 33 = -11*b, -3*y + 5*y + 2*b + 86 = 0. Give n(y).
7
Let w be 19 + -23 - 4 - 6/2. Let a(r) = r**3 + 10*r**2 - 10*r + 5. Calculate a(w).
-6
Let y(n) = 1 - 5*n + 4*n - 18 + 13 - n**2. Suppose 0 = -m + b + 15, -5*m - 2*b = -0*b - 47. Suppose 5*s = -k - 22, 2*k - 4*s + 3*s = m. What is y(k)?
-16
Let d(h) = 4*h - 71. Let g(o) = -67*o + 2428. Let z be g(36). What is d(z)?
-7
Let l(j) be the third derivative of -j**6/120 - 3*j**5/20 - 3*j**4/8 - j**3/2 + j**2. Let d be -19 - (15 - 28) - 2. Give l(d).
5
Suppose c + 5 - 8 = 0. Let k(a) be the first derivative of a**3/3 - 3*a**2 + 7*a + 112. Give k(c).
-2
Let j(a) be the second derivative of a**5/20 + a**4/2 + 7*a**3/6 - 3*a**2/2 + 327*a - 3. What is j(-4)?
1
Let b = 2 + 2. Suppose -5*t = 2*p - 16, 8 = 2*p + b*t - 4. Let o(g) = 2*g**3 - 3056 + 1521 + 3710*g - 3707*g + 1538. What is o(p)?
-19
Let b(g) = -g**3 + 8*g**2 - 7*g + 2. Let m = 42 + -38. Suppose m*r + 68 = h, -5*h - 17 = r - 0*r. Let w = r + 24. Determine b(w).
2
Let x(r) = -r**3 - 10*r**2 - 8*r + 9. Let b(u) = -5*u**2 + 99*u + 40. Let m be b(20). Suppose 16 + m = -4*l. Give x(l).
0
Let p(m) = 3*m + 5 + 372*m**2 - 743*m**2 - 1 + 370*m**2. Suppose s - 1 = 2. What is p(s)?
4
Let a(g) = -6*g - 4 + 18 + 5*g + 8 + 1. Determine a(10).
13
Let l be ((-221)/13)/((-1)/3). Let d(s) = l*s + 0 - s**3 - 3 - 54*s - 4*s**2. Calculate d(-3).
-3
Let y(j) = -j**2 - 14*j + 38. Let s be y(-16). Let k be 8/24 - 4/(-6). Let d(p) = -5*p**2 - 6*p**3 + s*p**2 + 6*p**2 - p - 6*p**2 + k. Calculate d(1).
-5
Let m = -6903 - -6908. Let g(d) = -3*d + 9*d - 1 - 4*d. Give g(m).
9
Let s(d) = 5*d + 178. Let o be s(-21). Suppose -20*b - o = 67. Let n(p) = p**2 + 5*p - 9. Give n(b).
5
Let l be ((6 - -9) + (-64)/4)/((-2)/10). Let w(o) be the first derivative of o**3/3 - 2*o**2 + 3*o + 1. What is w(l)?
8
Let k(r) = -9*r**2 - r + 135. Let n(o) = 8*o**2 + 3*o - 131. Let v(z) = 6*k(z) + 7*n(z). Give v(-12).
1
Let n(x) be the third derivative of -x**5/60 + x**4/8 + x**3/3 + 101*x**2 + 6*x + 3. Let u(l) = -l**2 - 4*l + 3. Let o be u(-4). What is n(o)?
2
Let x(i) = i**3 + 6*i**2 + 4*i - 4. Suppose 16*t = 900 - 228. Suppose 4*m - 22 = -t. Give x(m).
1
Let p = 61 + -54. Let r(o) = 4*o**3 - 1 - p*o - o**2 - 5*o**3 + 14 - 9*o**2. Determine r(-9).
-5
Suppose 0 = -11*b + 44*b + 34*b + 536. Let o(i) = -i**3 - 7*i**2 + 3*i + 10. Calculate o(b).
50
Let z(l) = -l**3 - 3*l**2 + 5*l + 2. Suppose 4*t - 37 = x - 16, x = 2*t - 13. Give z(x).
27
Let o(j) = j**3 - 5*j**2 - 7*j + 5. Suppose 4*a - 3*h - 42 = 0, -8 = 3*a - 5*h - 34. Suppose -10*c - 12 = -a*c. Calculate o(c).
-1
Let g = 25906 - 51811/2. Let u(z) be the first derivative of -8*z + g*z**2 + 4. Determine u(0).
-8
Suppose 0 = -3*d + 12, -21*d + 21 = l - 22*d. Suppose -34*h + 15 = -29*h - 3*y, -l = 3*h + 5*y. Let b(g) = g**3 + g**2 + g + 2. Calculate b(h).
2
Let t(w) = -30*w - 284. Let l(r) = 6*r + 71. Let y(c) = -9*l(c) - 2*t(c). Calculate y(9).
-17
Let u(p) = 2*p**2 - 10*p + 7. Let f = 38 - -13. Let o = -2437 + 2482. Let i = f - o. What is u(i)?
19
Let a(s) = -2*s. Let u(b) = -6*b**2 + 17*b - 7. Let j(t) = 6*a(t) + u(t). What is j(4)?
-83
Let c(l) = 9621*l + 88 - 476 - 9653*l. Calculate c(-12).
-4
Let h(b) = 3*b**2 + 2*b - 2. Let c be (-47)/188 - (-81)/4. Suppose -c*d + 16 = -12*d. What is h(d)?
14
Let v(x) be the first derivative of -3*x**2 + 19*x + 780. Give v(-8).
67
Let k(g) = -283 + 549 - 273 + g + g. Calculate k(-11).
-29
Let l = -24 + 15. Let s = l - -6. Let q(w) = -13*w**3 - 3*w**2 - 6*w - 2. Let h(f) = 2*f**3 + f + 1. Let r(n) = -6*h(n) - q(n). Give r(s).
-4
Let p(c) = 2*c**2 + 7*c - 49. Let u be p(-7). Let v = -5 - -9. Let g(w) = -1 + 0*w + v*w - 5*w. Give g(u).
-1
Suppose -7 + 21 = 7*s. Let t(f) = f**s - 10*f + 14*f + 13*f + 0*f + 22. Give t(-15).
-8
Let z be 1/2*(0 + 0)/((-1000)/(-250)). Let n(o) = 2*o + 71. What is n(z)?
71
Let n(x) = 34*x + 31. Let r = -20429 - -20427. Calculate n(r).
-37
Let f(l) = l + 7. Let p be f(-6). Let c(t) be the second derivative of -1/6*t**3 - 1/12*t**4 - 9 + 1/4*t**5 + 1/2*t**2 - 3*t. What is c(p)?
4
Let z(j) = -2*j**2 + 2*j - 5. Let x(y) = 5*y**2 - 4*y + 11. Let p(b) = -3*x(b) - 7*z(b). What is p(-2)?
2
Let z(m) be the second derivative of m**4/12 + m**3/3 - m**2 - 18211*m. Let y = -1 - -3. Calculate z(y).
6
Suppose 26*c = 31*c - 90. Suppose 354*v - 357*v - c = 0. Let i(w) = w + 10. Calculate i(v).
4
Let a(k) = -5 - 9*k**2 + 15*k**2 + 5 + 0 + 2*k. Let o(i) = -7*i**2 - i. Let d(w) = 2*a(w) + 3*o(w). What is d(2)?
-34
Let v(l) = -3*l**2 + 1. Let j(t) = 21*t. Let n be j(-1). Suppose 0 = 5*r - 13 + 113. Let x = n - r. Give v(x).
-2
Let i(y) = 151*y + 1210. Let h be i(-8). Let a = -2 + 6. Let x(o) = -4*o**2 + 3*o**h - 1 + a. What is x(4)?
-13
Let s(c) = -c**3 - 12*c**2 - 3*c + 67. Let q(f) = -2*f**3 - 23*f**2 - 7*f + 145. Let v(o) = -4*q(o) + 9*s(o). Let u be -2 + -5*3 + 1. Calculate v(u).
7
Let z(l) be the second derivative of l**3/6 - 6382*l. Suppose 11 = -3*c - 7. Determine z(c).
-6
Let k(d) = 20 + 4373*d - 8748*d + 4380*d. What is k(-10)?
-30
Let u(r) be the second derivative of r**3/